at are the prime factors of 645?
3, 5, 43
List the prime factors of 711.
3, 79
List the prime factors of 18930.
2, 3, 5, 631
What are the prime factors of 28182?
2, 3, 7, 11, 61
What are the prime factors of 16576?
2, 7, 37
What are the prime factors of 8131?
47, 173
List the prime factors of 747.
3, 83
List the prime factors of 75687.
3, 25229
List the prime factors of 3850.
2, 5, 7, 11
List the prime factors of 3464.
2, 433
List the prime factors of 1921.
17, 113
What are the prime factors of 943?
23, 41
What are the prime factors of 656?
2, 41
What are the prime factors of 14850?
2, 3, 5, 11
What are the prime factors of 1434?
2, 3, 239
What are the prime factors of 3267?
3, 11
What are the prime factors of 8852?
2, 2213
List the prime factors of 740.
2, 5, 37
List the prime factors of 4572.
2, 3, 127
List the prime factors of 2386.
2, 1193
List the prime factors of 1920.
2, 3, 5
List the prime factors of 18826.
2, 9413
What are the prime factors of 3826?
2, 1913
What are the prime factors of 12910?
2, 5, 1291
List the prime factors of 588.
2, 3, 7
List the prime factors of 36161.
36161
What are the prime factors of 9435?
3, 5, 17, 37
What are the prime factors of 966?
2, 3, 7, 23
What are the prime factors of 874?
2, 19, 23
What are the prime factors of 1547?
7, 13, 17
List the prime factors of 8674.
2, 4337
List the prime factors of 4096.
2
What are the prime factors of 247?
13, 19
List the prime factors of 3024.
2, 3, 7
List the prime factors of 83424.
2, 3, 11, 79
List the prime factors of 3332.
2, 7, 17
List the prime factors of 12446.
2, 7, 127
List the prime factors of 40749.
3, 17, 47
List the prime factors of 2995.
5, 599
What are the prime factors of 11319?
3, 7, 11
List the prime factors of 30473.
31, 983
List the prime factors of 26492.
2, 37, 179
List the prime factors of 3320.
2, 5, 83
What are the prime factors of 8596?
2, 7, 307
List the prime factors of 1282.
2, 641
What are the prime factors of 1592?
2, 199
List the prime factors of 3543.
3, 1181
What are the prime factors of 3329?
3329
List the prime factors of 1230.
2, 3, 5, 41
List the prime factors of 1931.
1931
List the prime factors of 6927.
3, 2309
List the prime factors of 28156.
2, 7039
What are the prime factors of 168?
2, 3, 7
List the prime factors of 14172.
2, 3, 1181
List the prime factors of 1164.
2, 3, 97
What are the prime factors of 4193?
7, 599
What are the prime factors of 24267?
3, 8089
List the prime factors of 934.
2, 467
What are the prime factors of 66751?
66751
What are the prime factors of 11417?
7, 233
What are the prime factors of 1528?
2, 191
List the prime factors of 2439.
3, 271
List the prime factors of 27405.
3, 5, 7, 29
List the prime factors of 162.
2, 3
List the prime factors of 2605.
5, 521
List the prime factors of 64883.
7, 13, 23, 31
What are the prime factors of 21731?
31, 701
What are the prime factors of 63400?
2, 5, 317
List the prime factors of 2169.
3, 241
List the prime factors of 4215.
3, 5, 281
List the prime factors of 3916.
2, 11, 89
List the prime factors of 98356.
2, 67, 367
What are the prime factors of 72?
2, 3
List the prime factors of 2010.
2, 3, 5, 67
List the prime factors of 4995.
3, 5, 37
What are the prime factors of 12979?
12979
List the prime factors of 85.
5, 17
What are the prime factors of 2706?
2, 3, 11, 41
List the prime factors of 14355.
3, 5, 11, 29
List the prime factors of 13891.
29, 479
List the prime factors of 98311.
17, 5783
What are the prime factors of 2806?
2, 23, 61
List the prime factors of 17348.
2, 4337
What are the prime factors of 148188?
2, 3, 53, 233
List the prime factors of 100061.
13, 43, 179
What are the prime factors of 192?
2, 3
What are the prime factors of 786?
2, 3, 131
List the prime factors of 6225.
3, 5, 83
What are the prime factors of 851?
23, 37
What are the prime factors of 2603?
19, 137
What are the prime factors of 2158?
2, 13, 83
List the prime factors of 15894.
2, 3, 883
What are the prime factors of 16856?
2, 7, 43
What are the prime factors of 1072?
2, 67
What are the prime factors of 129864?
2, 3, 7, 773
What are the prime factors of 3882?
2, 3, 647
What are the prime factors of 19825?
5, 13, 61
List the prime factors of 4789.
4789
List the prime factors of 213.
3, 71
What are the prime factors of 1092?
2, 3, 7, 13
List the prime factors of 274.
2, 137
What are the prime factors of 14350?
2, 5, 7, 41
What are the prime factors of 3116?
2, 19, 41
What are the prime factors of 37881?
3, 23, 61
List the prime factors of 30525.
3, 5, 11, 37
List the prime factors of 2368.
2, 37
List the prime factors of 12228.
2, 3, 1019
List the prime factors of 6646.
2, 3323
List the prime factors of 63.
3, 7
What are the prime factors of 2586?
2, 3, 431
List the prime factors of 17528.
2, 7, 313
What are the prime factors of 1366?
2, 683
List the prime factors of 1796.
2, 449
List the prime factors of 850.
2, 5, 17
List the prime factors of 1929.
3, 643
List the prime factors of 12306.
2, 3, 7, 293
List the prime factors of 6353.
6353
List the prime factors of 5424.
2, 3, 113
List the prime factors of 13049.
13049
List the prime factors of 100.
2, 5
What are the prime factors of 3620?
2, 5, 181
What are the prime factors of 64033?
64033
What are the prime factors of 1080?
2, 3, 5
List the prime factors of 5229.
3, 7, 83
List the prime factors of 6248.
2, 11, 71
What are the prime factors of 65?
5, 13
What are the prime factors of 24298?
2, 12149
What are the prime factors of 1042?
2, 521
What are the prime factors of 13754?
2, 13, 23
What are the prime factors of 788?
2, 197
What are the prime factors of 3246?
2, 3, 541
List the prime factors of 37410.
2, 3, 5, 29, 43
What are the prime factors of 69?
3, 23
List the prime factors of 36768.
2, 3, 383
List the prime factors of 571.
571
List the prime factors of 6295.
5, 1259
What are the prime factors of 909?
3, 101
What are the prime factors of 18138?
2, 3, 3023
What are the prime factors of 865?
5, 173
List the prime factors of 124488.
2, 3, 7, 13, 19
What are the prime factors of 31787?
7, 19, 239
What are the prime factors of 154062?
2, 3, 317
What are the prime factors of 20749?
20749
List the prime factors of 181002.
2, 3, 97, 311
List the prime factors of 14809.
59, 251
List the prime factors of 1827.
3, 7, 29
What are the prime factors of 37?
37
What are the prime factors of 10725?
3, 5, 11, 13
What are the prime factors of 2719?
2719
List the prime factors of 505.
5, 101
What are the prime factors of 7442?
2, 61
What are the prime factors of 16357?
11, 1487
What are the prime factors of 32008?
2, 4001
What are the prime factors of 443?
443
What are the prime factors of 29866?
2, 109, 137
List the prime factors of 49125.
3, 5, 131
What are the prime factors of 1251?
3, 139
List the prime factors of 4566.
2, 3, 761
List the prime factors of 38123.
67, 569
What are the prime factors of 68104?
2, 8513
List the prime factors of 26642.
2, 7, 11, 173
What are the prime factors of 38053?
38053
What are the prime factors of 1836?
2, 3, 17
List the prime factors of 3223.
11, 293
List the prime factors of 981.
3, 109
List the prime factors of 17639.
31, 569
What are the prime factors of 2615?
5, 523
What are the prime factors of 489?
3, 163
List the prime factors of 165.
3, 5, 11
What are the prime factors of 30745?
5, 11, 13, 43
List the prime factors of 5554.
2, 2777
List the prime factors of 67770.
2, 3, 5, 251
What are the prime factors of 6877?
13, 23
List the prime factors of 114551.
19, 6029
What are the prime factors of 6733?
6733
What are the prime factors of 22580?
2, 5, 1129
What are the prime factors of 5130?
2, 3, 5, 19
List the prime factors of 776.
2, 97
List the prime factors of 1412.
2, 353
List the prime factors of 3062.
2, 1531
List the prime factors of 1373.
1373
What are the prime factors of 1115?
5, 223
What are the prime factors of 15988?
2, 7, 571
What are the prime factors of 21996?
2, 3, 13, 47
What are the prime factors of 825?
3, 5, 11
What are the prime factors of 74415?
3, 5, 11, 41
What are the prime factors of 114?
2, 3, 19
List the prime factors of 23908.
2, 43, 139
What are the prime factors of 2532?
2, 3, 211
List the prime factors of 24.
2, 3
List the prime factors of 23079.
3, 7, 157
What are 